{"id":390,"date":"2014-10-22T15:35:14","date_gmt":"2014-10-22T14:35:14","guid":{"rendered":"http:\/\/adeca97.fr\/wordpress\/?page_id=390"},"modified":"2025-06-16T17:11:50","modified_gmt":"2025-06-16T16:11:50","slug":"informations-utiles","status":"publish","type":"page","link":"https:\/\/adeca97.fr\/wordpress\/informations-utiles\/","title":{"rendered":"FAQ"},"content":{"rendered":"<h5>SAISON 2025-2026<\/h5>\n<h5><strong>Le FORUM aura lieu comme chaque ann\u00e9e au Palais des Sports 4-6 boulevard des Fr\u00e8res Voisin 92130 Issy-les-Moulineaux<\/strong><\/h5>\n<ul>\n<li><strong>Vendredi 05 septembre 2025 de 13h00 \u00e0 20h00<\/strong><\/li>\n<li><strong>samedi 06 septembre 2025 de 10h00 \u00e0 18h00<\/strong><\/li>\n<\/ul>\n<h5><strong><span style=\"text-decoration: underline;\">REPRISE DES COURS<\/span><\/strong><\/h5>\n<ul>\n<li><strong>Activit\u00e9s DANSES : A partir de lundi 15 septembre 2025<\/strong><\/li>\n<li><strong>Activit\u00e9 ZUMBA : A partir de mardi 09 septembre 2025<\/strong><\/li>\n<\/ul>\n<h5><strong><span style=\"text-decoration: underline;\">COURS D&rsquo;ESSAIS<\/span><\/strong><\/h5>\n<ul>\n<li><strong>Les cours d&rsquo;essais auront lieu du 08 au 12 septembre 2025<span style=\"color: #ff0000;\">\u00a0<\/span><\/strong><\/li>\n<\/ul>\n<h4><span style=\"text-decoration: underline;\"><strong>INSCRIPTION<\/strong><\/span><\/h4>\n\t<div class=\"toggle-item\">\n\t\t\t\t\t<div class=\"toggle-title  clearfix\">\n\t\t\t\t\t\t<div class=\"toggle-icon\"><i class=\"fa fa-plus\"><\/i><i class=\"fa fa-minus\"><\/i><\/div>\n\t\t\t\t\t\t<h6 class=\"toggle-name\"><strong>Comment s'inscrire ?<\/strong><\/h6>\n\t\t\t\t\t<\/div>\n\t\t\t\t\t<div class=\"toggle-inner\">\n<ul>\n<li>Les inscriptions se font directement sur notre site en remplissant le\u00a0<a href=\"https:\/\/docs.google.com\/forms\/d\/e\/1FAIpQLScsM20MB6HF198lvay-Kt7ayC4a_7psDR11hEZy-kw4uym1Rw\/viewform\">formulaire d&rsquo;inscription<\/a><\/li>\n<li>Les inscriptions\u00a0principales ont lieu \u00e0 chaque d\u00e9but d&rsquo;ann\u00e9e de <strong>Septembre \u00e0 d\u00e9cembre<\/strong><\/li>\n<li>Une cotisation \u00e0 l\u2019association par saison, d\u2019un montant de<strong> 20 \u20ac<\/strong> \/Pers, est obligatoire et <strong>incluse dans nos tarifs<\/strong><\/li>\n<li>Chaque<strong> saison commence mi- Septembre et se termine le 21 Juin<\/strong> de l&rsquo;ann\u00e9e suivante<\/li>\n<li>Il est important de nous fournir <strong>une adresse mail valide<\/strong> pendant toute la p\u00e9riode de la saison<\/li>\n<li>Toute personne d\u00e9sirant adh\u00e9rer \u00e0 ADECA devra justifier de sa majorit\u00e9\u00a0<\/li>\n<li>Les personnes d\u00e9sirant adh\u00e9rer pour <strong>la premi\u00e8re fois \u00e0 l&rsquo;association peuvent b\u00e9n\u00e9ficier d&rsquo;un cours d&rsquo;essai gratuit<\/strong><\/li>\n<li><strong>Inscription en couple :<\/strong> Pr\u00e9cision sur la notion de couple = (Cavalier &#8211; Cavali\u00e8re) l\u2019inscription couple est <strong>valable uniquement pour la m\u00eame activit\u00e9<\/strong> <strong>et ne peux pas \u00eatre associ\u00e9 et cumuler avec un PASS<\/strong><\/li>\n<\/ul>\n<p><b>INSCRIPTION MINEURS<\/b><\/p>\n<\/div>\n\t\t\t\t<\/div>\n\t<div class=\"toggle-item\">\n\t\t\t\t\t<div class=\"toggle-title  clearfix\">\n\t\t\t\t\t\t<div class=\"toggle-icon\"><i class=\"fa fa-plus\"><\/i><i class=\"fa fa-minus\"><\/i><\/div>\n\t\t\t\t\t\t<h6 class=\"toggle-name\"><strong>Quelles sont les conditions d'inscription pour les mineurs ?<\/strong><\/h6>\n\t\t\t\t\t<\/div>\n\t\t\t\t\t<div class=\"toggle-inner\">\n<p><b>L\u2019Association ADECA n\u2019est responsable des enfants mineurs que pendant la dur\u00e9e des ateliers.<\/b><\/p>\n<ol>\n<li><b> Les parents, ou la personne d\u00e9sign\u00e9e par eux, sont pri\u00e9s de r\u00e9cup\u00e9rer leur enfant \u00e0 l\u2019heure pr\u00e9cise de la fin du cours.<\/b><\/li>\n<li><b> En cas de retards r\u00e9p\u00e9t\u00e9s l\u2019Association ADECA se r\u00e9serve le droit d\u2019exclure l\u2019enfant du cours sans aucun remboursement.<\/b><\/li>\n<li><b> L\u2019acc\u00e8s \u00e0 la salle ne peut se faire qu\u2019en pr\u00e9sence d\u2019un encadrant de l\u2019activit\u00e9.<\/b><\/li>\n<\/ol>\n<p><span style=\"color: #ff0000;\"><b style=\"color: #ff0000;\">Si vous souhaitez que votre enfant rentre seul \u00e0 l\u2019issue du cours, une <\/b><b style=\"color: #ff0000;\">d\u00e9charge de responsabilit\u00e9 pour mineurs <\/b><b style=\"color: #ff0000;\">devra \u00eatre remplie par le repr\u00e9sentant l\u00e9gal et \u00e0 rendre lors du premier cours. Elle vous sera envoy\u00e9 par mail d\u00e8s l<\/b><b style=\"color: #ff0000;\">&lsquo;inscription.<\/b><\/span><\/p>\n<\/div>\n\t\t\t\t<\/div>\n\t<div class=\"toggle-item\">\n\t\t\t\t\t<div class=\"toggle-title  clearfix\">\n\t\t\t\t\t\t<div class=\"toggle-icon\"><i class=\"fa fa-plus\"><\/i><i class=\"fa fa-minus\"><\/i><\/div>\n\t\t\t\t\t\t<h6 class=\"toggle-name\"><strong>Quelles sont les pi\u00e8ces \u00e0 fournir lors de mon inscription ?<\/strong><\/h6>\n\t\t\t\t\t<\/div>\n\t\t\t\t\t<div class=\"toggle-inner\">\n<h5><strong>PI\u00c8CES\u00a0A FOURNIR AU PREMIER COURS<\/strong><\/h5>\n<ul>\n<li><span style=\"font-weight: 400;\"><strong>Votre formulaire d&rsquo;adh\u00e9sion<\/strong> (inscription) d\u00fbment rempli et <\/span><b>sign\u00e9<\/b><span style=\"font-weight: 400;\"> avec la mention <\/span><b>\u00ab\u00a0lu et approuv\u00e9\u00a0\u00bb<\/b><\/li>\n<li><strong>Une photo<\/strong> au format identit\u00e9 <b>coll\u00e9e sur votre formulaire d&rsquo;adh\u00e9sion en (petit format)<\/b><\/li>\n<li style=\"font-weight: 400;\" aria-level=\"1\"><span style=\"font-weight: 400;\"><strong>Votre r\u00e8glement<\/strong> (Le montant total est \u00e0 remettre en une fois, quel que soit le mode de paiement) Si paiement en plusieurs fois par ch\u00e8ques, merci d\u2019indiquer le mois de d\u00e9p\u00f4t en banque en commen\u00e7ant par le mois d\u2019octobre.\u00a0<\/span><\/li>\n<li><strong>\u00a0\u00c9TUDIANT(E) :<\/strong> Un Justificatif<\/li>\n<li><b>MINEUR <\/b><b>JOINDRE OBLIGATOIREMENT UNE PHOTOCOPIE DE LA PI\u00c8CE D&rsquo;IDENTIT\u00c9 DU PARENT (recto verso)<\/b><\/li>\n<li><strong>ZUMBA Fitness<\/strong>, nous remettre un certificat m\u00e9dical valide pour toute la saison<\/li>\n<\/ul>\n<p><em style=\"font-size: revert; color: initial;\"><span style=\"text-decoration: underline;\"><strong>Remarque :<\/strong><\/span> Il est recommand\u00e9 de consulter un m\u00e9decin avant toute pratique sportive et de se faire \u00e9tablir <strong>un certificat m\u00e9dical de non contre-indication \u00e0 la pratique du sport<\/strong>. L\u2019adh\u00e9rent d\u00e9charge d\u00e8s \u00e0 pr\u00e9sent de toute responsabilit\u00e9 ADECA ou il s\u2019entraine en cas de d\u00e9faut de production de son certificat m\u00e9dical et garde, dans tous les cas, l\u2019enti\u00e8re responsabilit\u00e9 des cons\u00e9quences pr\u00e9judiciables de sa pratique sur sa sant\u00e9. Toute inaptitude \u00e0 la pratique survenant ult\u00e9rieurement \u00e0 la signature de la feuille d\u2019inscription ne pourra en aucun cas faire l\u2019objet de remboursement ni modifier la p\u00e9riode de la saison.<\/em> <em style=\"font-size: revert; color: initial;\">Remarque : Pour prendre part aux cours, votre dossier d\u2019inscription doit \u00eatre obligatoirement complet\u2026<\/em><\/p>\n<\/div>\n\t\t\t\t<\/div>\n\t<div class=\"toggle-item\">\n\t\t\t\t\t<div class=\"toggle-title  clearfix\">\n\t\t\t\t\t\t<div class=\"toggle-icon\"><i class=\"fa fa-plus\"><\/i><i class=\"fa fa-minus\"><\/i><\/div>\n\t\t\t\t\t\t<h6 class=\"toggle-name\"><strong>L\u2019Association est-elle ouverte pendant les vacances scolaires et jours f\u00e9ri\u00e9s ?<\/strong><\/h6>\n\t\t\t\t\t<\/div>\n\t\t\t\t\t<div class=\"toggle-inner\">\n<ul>\n<li>Les cours sont <strong>suspendus les jours f\u00e9ri\u00e9s ainsi<\/strong> que pendant <strong>les vacances scolaires du dernier jour d\u2019\u00e9cole inclus au soir au dernier jour de vacances inclus au soir de la zone concern\u00e9e.<\/strong><\/li>\n<\/ul>\n<address>\u00a0 \u00a0 \u00a0 \u00a0<strong>RENTREE DES ELEVES<\/strong> ZONE C lundi 1 septembre 2025<\/address><address style=\"padding-left: 30px;\"><strong>VACANCES DE LA <\/strong><strong>TOUSSAINT<\/strong>&#8230;Du samedi 18 octobre au lundi 3 novembre 2025 reprise des cours<\/address><address style=\"text-align: left; padding-left: 30px;\"><strong>VACANCES DE NOEL\u00a0<\/strong>&#8230;&#8230;&#8230;&#8230;&#8230;&#8230;..Du samedi 20 d\u00e9cembre 2025 au lundi 5 janvier 2026 reprise des cours<\/address><address style=\"text-align: left; padding-left: 30px;\"><strong>VACANCES D&rsquo;HIVER<\/strong>&#8230;&#8230;&#8230;&#8230;&#8230;&#8230;&#8230;.Du samedi 21 f\u00e9vrier au lundi 09 mars 2026 reprise des cours<\/address><address style=\"padding-left: 30px;\"><strong>VACANCES DE PRINTEMPS<\/strong>&#8230;&#8230;.. Du samedi 18 avril au lundi 04 mai 2026 reprise des cours<\/address><address style=\"padding-left: 30px;\"><strong>FIN DES COURS ADECA<\/strong>&#8230;&#8230;&#8230;&#8230;&#8230;.Fin de cours \u00e0 partir du 21 juin 2026 au soir\u00a0<\/address><address style=\"padding-left: 30px;\">\u00a0<\/address><address><\/div>\n\t\t\t\t<\/div>\u00a0<\/address>\n<h4><span style=\"text-decoration: underline;\"><strong>MODE DE REGLEMENT<\/strong><\/span><\/h4>\n\t<div class=\"toggle-item\">\n\t\t\t\t\t<div class=\"toggle-title  clearfix\">\n\t\t\t\t\t\t<div class=\"toggle-icon\"><i class=\"fa fa-plus\"><\/i><i class=\"fa fa-minus\"><\/i><\/div>\n\t\t\t\t\t\t<h6 class=\"toggle-name\"><strong>Est-il possible de payer en plusieurs fois ?<\/strong><\/h6>\n\t\t\t\t\t<\/div>\n\t\t\t\t\t<div class=\"toggle-inner\">\n<p>Oui vous pouvez en plusieurs fois. <span style=\"font-weight: 400;\">Si paiement en plusieurs <strong>fois par ch\u00e8ques<\/strong>, merci d\u2019indiquer le mois de d\u00e9p\u00f4t en banque en commen\u00e7ant par le mois d\u2019octobre.\u00a0<\/span><\/p>\n<ul>\n<li>En esp\u00e8ces (montant total est \u00e0 remettre en une seule fois)<\/li>\n<li>En une fois par ch\u00e8que<\/li>\n<li>En trois fois par ch\u00e8ques sans frais \u00e0 compter du premier mois d&rsquo;inscription<\/li>\n<li>En quatre fois par ch\u00e8ques sans frais \u00a0pour les PASS ADECA \u00e0 compter du premier mois d&rsquo;inscription<\/li>\n<\/ul>\n<p><em><span style=\"text-decoration: underline;\"><strong>Modalit\u00e9 de paiement :<\/strong><\/span>\u00a0Les\u00a0r\u00e8glements\u00a0sont \u00e0 remettre <strong>en une fois avec le formulaire d&rsquo;inscription sign\u00e9 et une photo dans une\u00a0enveloppe<\/strong>.<\/em><\/p>\n<p><em><span style=\"text-decoration: underline;\">\u00a0Paiement en ch\u00e8que(s):<\/span>\u00a0Les ch\u00e8ques sont \u00e0 \u00e9diter \u00e0 <strong>l\u2019ordre d&rsquo;ADECA.<\/strong>\u00a0Merci d&rsquo;inscrire le mois de d\u00e9bit au dos en d\u00e9butant par le mois de remise du dossier d&rsquo;inscription soit le mois d&rsquo;octobre. <strong>(Attention pas de remise en banque le mois de\u00a0d\u00e9cembre)<\/strong> Si pas de date au dos des ch\u00e8ques, les encaissements seront faits le 30 de chaque mois, \u00e0 r\u00e9ception de votre r\u00e8glement. <\/em><\/p>\n<p><em>Nous pouvons produire \u00e0 votre demande une attestation pour votre CE.<\/em><\/p>\n<\/div>\n\t\t\t\t<\/div>\n<h4><span style=\"text-decoration: underline;\"><strong>COURS DE : ZUMBA\u00ae<\/strong><\/span><\/h4>\n\t<div class=\"toggle-item\">\n\t\t\t\t\t<div class=\"toggle-title  clearfix\">\n\t\t\t\t\t\t<div class=\"toggle-icon\"><i class=\"fa fa-plus\"><\/i><i class=\"fa fa-minus\"><\/i><\/div>\n\t\t\t\t\t\t<h6 class=\"toggle-name\"><strong>Comment se d\u00e9roulent les cours de  ZUMBA\u00ae 1h00 ?<\/strong><\/h6>\n\t\t\t\t\t<\/div>\n\t\t\t\t\t<div class=\"toggle-inner\">\n<p><strong>Dur\u00e9e des cours : ZUMBA\u00ae 1h00\u00a0<\/strong><\/p>\n<p>Le Fitness est un sport, vous allez donc transpirer. Des v\u00eatements ou vous vous sentez \u00e0 l\u2019aise tout en restant corrects sont donc conseill\u00e9s :<\/p>\n<ul>\n<li>Une paire de tennis pour ne pas glisser<\/li>\n<li>Des v\u00eatements l\u00e9gers et pratiques<\/li>\n<li>Une bouteille d\u2019eau pour s\u2019hydrater tout au long de l\u2019activit\u00e9<\/li>\n<li>Une serviette, parce que vous allez transpirez !!!<\/li>\n<\/ul>\n<p><em><span style=\"text-decoration: underline;\"><strong>Remarque :<\/strong><\/span>\u00a0Il est recommand\u00e9 de consulter un m\u00e9decin avant toute pratique sportive et de se faire \u00e9tablir\u00a0<strong>un certificat m\u00e9dical de non contre-indication \u00e0 la pratique du sport<\/strong>. L\u2019adh\u00e9rent d\u00e9charge d\u00e8s \u00e0 pr\u00e9sent de toute responsabilit\u00e9 ADECA ou il s\u2019entraine en cas de d\u00e9faut de production de son certificat m\u00e9dical et garde, dans tous les cas, l\u2019enti\u00e8re responsabilit\u00e9 des cons\u00e9quences pr\u00e9judiciables de sa pratique sur sa sant\u00e9. Toute inaptitude \u00e0 la pratique survenant ult\u00e9rieurement \u00e0 la signature de la feuille d\u2019inscription ne pourra en aucun cas faire l\u2019objet de remboursement ni modifier la p\u00e9riode de la saison.<\/em>\u00a0<em>Remarque : Pour prendre part aux cours, votre dossier d\u2019inscription doit \u00eatre obligatoirement complet\u2026<\/em><\/p>\n<\/div>\n\t\t\t\t<\/div>\n<h4><span style=\"text-decoration: underline;\"><strong>COURS DE DANSES : SALSA CUBAINE &#8211; KIZOMBA &#8211; BACHATA<\/strong><\/span><\/h4>\n\t<div class=\"toggle-item\">\n\t\t\t\t\t<div class=\"toggle-title  clearfix\">\n\t\t\t\t\t\t<div class=\"toggle-icon\"><i class=\"fa fa-plus\"><\/i><i class=\"fa fa-minus\"><\/i><\/div>\n\t\t\t\t\t\t<h6 class=\"toggle-name\"><strong>Comment conna\u00eetre mon niveau de danse ?<\/strong><\/h6>\n\t\t\t\t\t<\/div>\n\t\t\t\t\t<div class=\"toggle-inner\">\n<p>Toujours difficile \u00e0 d\u00e9terminer, nous vous conseillons de tester un cours d\u2019essai. Pr\u00e9f\u00e9rez un niveau l\u00e9g\u00e8rement inf\u00e9rieur \u00e0 votre estimation. Votre premier cours vous permettra de vous auto-\u00e9valuer et de trouver le niveau le plus adapt\u00e9.<\/p>\n<p><span style=\"text-decoration: underline;\"><strong>D\u00e9butant :<\/strong><\/span> Vous n&rsquo;avez jamais pratiqu\u00e9. Apprentissage des bases, des premi\u00e8res figures.<\/p>\n<p><span style=\"text-decoration: underline;\"><strong>Interm\u00e9diaire :<\/strong><\/span> Consolidation des acquis. Apprentissage de nouvelles figures, travail sur le placement, la connexion, la musicalit\u00e9 et surtout \u00eatre dans les temps.<strong>Il est int\u00e9ressant de rester plusieurs ann\u00e9es dans ce niveau. Les figures changeant d\u2019une ann\u00e9e \u00e0 l\u2019autre vous pourrez travailler votre technique sans lassitude. <\/strong><\/p>\n<p><span style=\"text-decoration: underline;\"><strong>Avanc\u00e9 :<\/strong><\/span> Abord de figures plus complexes, cela n\u00e9cessite une bonne conscience de son corps, de l&rsquo;axe du couple, la connexion, la musicalit\u00e9 et \u00eatre toujours dans les temps\u2026 Un travail de guidage plus abouti.<\/p>\n<p><em>Les cours avanc\u00e9s sont programm\u00e9s chaque saison suivant la demande et le nombre de personnes d\u00e9sirant s\u2019inscrire avec le niveau (minimum 16 pers).<\/em><\/p>\n<\/div>\n\t\t\t\t<\/div>\n\t<div class=\"toggle-item\">\n\t\t\t\t\t<div class=\"toggle-title  clearfix\">\n\t\t\t\t\t\t<div class=\"toggle-icon\"><i class=\"fa fa-plus\"><\/i><i class=\"fa fa-minus\"><\/i><\/div>\n\t\t\t\t\t\t<h6 class=\"toggle-name\"><strong>Comment dois-je m'habiller ?<\/strong><\/h6>\n\t\t\t\t\t<\/div>\n\t\t\t\t\t<div class=\"toggle-inner\">\n<p>Vous allez danser la <strong>SALSA, la KIZONBA, la BACHATA\u00a0<\/strong>vous allez donc transpirer. Des v\u00eatements ou vous vous sentez \u00e0 l\u2019aise tout en restant corrects sont donc conseill\u00e9s. Des chaussures ayant une semelle glissante ou \u00e0 talons pour les danseuses, peuvent faciliter la pratique de certaines danses. Les changements de partenaire sont pratiqu\u00e9s afin d\u2019am\u00e9liorer l\u2019apprentissage. Une hygi\u00e8ne correcte permettra d\u2019\u00eatre appr\u00e9ci\u00e9. En cas de forte transpiration, il est conseill\u00e9 d\u2019apporter une serviette et\/ou un change. <strong>\u00a0<\/strong><\/p>\n<\/div>\n\t\t\t\t<\/div>\n\t<div class=\"toggle-item\">\n\t\t\t\t\t<div class=\"toggle-title  clearfix\">\n\t\t\t\t\t\t<div class=\"toggle-icon\"><i class=\"fa fa-plus\"><\/i><i class=\"fa fa-minus\"><\/i><\/div>\n\t\t\t\t\t\t<h6 class=\"toggle-name\"><strong>Comment se d\u00e9roulent les cours de danses ?<\/strong><\/h6>\n\t\t\t\t\t<\/div>\n\t\t\t\t\t<div class=\"toggle-inner\">\n<p><strong>Dur\u00e9e des cours de danses : 1h30 <\/strong>(dont 30 minutes de danse libre) les cours sont progressifs, c\u2019est pourquoi vous vous inscrivez pour une saison compl\u00e8te. Vous \u00e9voluez ainsi avec le m\u00eame groupe de danseur tout au long de l\u2019ann\u00e9e, ce qui vous fait progresser rapidement. En plus de l\u2019apport technique, les cours sont ax\u00e9s <strong>sur le bien-\u00eatre, la convivialit\u00e9, le plaisir de la musique <\/strong>et le partage de la danse. Vu la demande important chaque ann\u00e9e lors de la rentr\u00e9e, le nombre de personne est limit\u00e9 par cours et <strong>nous veillerons autant que possible \u00e0 un \u00e9quilibre au niveau de la parit\u00e9 (H\/F)<\/strong>. L\u2019ensemble des professeurs d\u2019ADECA sont \u00e0 votre \u00e9coute, passionn\u00e9s et exp\u00e9riment\u00e9s. L\u2019objectif de chacun est de vous apprendre \u00e0 danser en vous apportant la technique n\u00e9cessaire pour pratiquer la danse en vous amusant.<\/p>\n<\/div>\n\t\t\t\t<\/div>\n\t<div class=\"toggle-item\">\n\t\t\t\t\t<div class=\"toggle-title  clearfix\">\n\t\t\t\t\t\t<div class=\"toggle-icon\"><i class=\"fa fa-plus\"><\/i><i class=\"fa fa-minus\"><\/i><\/div>\n\t\t\t\t\t\t<h6 class=\"toggle-name\"><strong> Y a-t-il des cours d\u2019essais chez ADECA?<\/strong><\/h6>\n\t\t\t\t\t<\/div>\n\t\t\t\t\t<div class=\"toggle-inner\">\n<p>Le cours d&rsquo;essai, vous permettra de mettre en pratique le projet que vous envisagez et vous faire une premi\u00e8re id\u00e9e de l&rsquo;apprentissage qui vous attend, pour l\u2019activit\u00e9 choisi.<strong><br \/><\/strong>Pour participer \u00e0 un cours d&rsquo;essai, il faut obligatoirement s&rsquo;inscrire. Pour m&rsquo;inscrire, je clique sur<strong>\u00a0<\/strong><a href=\"https:\/\/docs.google.com\/forms\/d\/e\/1FAIpQLScS8xGiHnpIHwXOYPzVqC5PT9Qkq2hdjOxZ3wrMchOtvQVelg\/viewform\">Inscription cour d&rsquo;essai<\/a><\/p>\n<\/div>\n\t\t\t\t<\/div>\n\n\n<p><\/p>\n","protected":false},"excerpt":{"rendered":"<p>SAISON 2025-2026 Le FORUM aura lieu comme chaque ann\u00e9e au Palais des Sports 4-6 boulevard des Fr\u00e8res Voisin 92130 Issy-les-Moulineaux Vendredi 05 septembre 2025 de 13h00 \u00e0 20h00 samedi 06 septembre 2025 de 10h00 \u00e0 18h00 REPRISE DES COURS Activit\u00e9s DANSES : A partir de lundi 15 septembre 2025 Activit\u00e9 ZUMBA : A partir de [&hellip;]<\/p>\n","protected":false},"author":1,"featured_media":0,"parent":0,"menu_order":0,"comment_status":"open","ping_status":"open","template":"","meta":{"footnotes":""},"class_list":["post-390","page","type-page","status-publish","hentry"],"_links":{"self":[{"href":"https:\/\/adeca97.fr\/wordpress\/wp-json\/wp\/v2\/pages\/390","targetHints":{"allow":["GET"]}}],"collection":[{"href":"https:\/\/adeca97.fr\/wordpress\/wp-json\/wp\/v2\/pages"}],"about":[{"href":"https:\/\/adeca97.fr\/wordpress\/wp-json\/wp\/v2\/types\/page"}],"author":[{"embeddable":true,"href":"https:\/\/adeca97.fr\/wordpress\/wp-json\/wp\/v2\/users\/1"}],"replies":[{"embeddable":true,"href":"https:\/\/adeca97.fr\/wordpress\/wp-json\/wp\/v2\/comments?post=390"}],"version-history":[{"count":135,"href":"https:\/\/adeca97.fr\/wordpress\/wp-json\/wp\/v2\/pages\/390\/revisions"}],"predecessor-version":[{"id":4247,"href":"https:\/\/adeca97.fr\/wordpress\/wp-json\/wp\/v2\/pages\/390\/revisions\/4247"}],"wp:attachment":[{"href":"https:\/\/adeca97.fr\/wordpress\/wp-json\/wp\/v2\/media?parent=390"}],"curies":[{"name":"wp","href":"https:\/\/api.w.org\/{rel}","templated":true}]}}